{"id":143,"date":"2015-05-09T12:45:11","date_gmt":"2015-05-09T12:45:11","guid":{"rendered":"http:\/\/www.astrologosastrologia.com.pt\/blog\/?page_id=143"},"modified":"2015-05-12T06:25:41","modified_gmt":"2015-05-12T06:25:41","slug":"religiao","status":"publish","type":"page","link":"https:\/\/www.astrologosastrologia.com.pt\/blog\/religiao\/","title":{"rendered":"Religi\u00e3o"},"content":{"rendered":"<p style=\"text-align: center;\"><a href=\"http:\/\/www.astrologosastrologia.com.pt\/blog\/wp-content\/uploads\/2015\/05\/Religi\u00f5es-do-mundo.jpg\"><img loading=\"lazy\" decoding=\"async\" class=\"alignnone size-full wp-image-744\" src=\"http:\/\/www.astrologosastrologia.com.pt\/blog\/wp-content\/uploads\/2015\/05\/Religi\u00f5es-do-mundo.jpg\" alt=\"Religi\u00f5es do mundo\" width=\"153\" height=\"118\" \/><\/a><\/p>\n<p style=\"text-align: center;\"><span style=\"color: #ff0000;\"><strong>RELIGI\u00d5ES DO MUNDO<\/strong><\/span><\/p>\n<p><strong><em>\u00a0\u00a0<\/em><\/strong><\/p>\n<p>A Religi\u00e3o (do latim &#8220;<em>religio&#8221; usado na Vulgata, que significa &#8220;<\/em>prestar culto a uma <a href=\"http:\/\/www.astrologosastrologia.com.pt\/blog\/deuses\/\" data-internallinksmanager029f6b8e52c=\"10\" title=\"Deuses e Deusas, veja mais aqui\">divindade<\/a><em>&#8220;, \u201c<\/em>ligar novamente<em>&#8220;, ou simplesmente &#8220;<\/em>religar<em>&#8220;) pode ser definida como um conjunto de cren\u00e7as relacionadas com o que o homem considera como <a href=\"http:\/\/www.astrologosastrologia.com.pt\/blog\/esoterismo\/\" data-internallinksmanager029f6b8e52c=\"11\" title=\"Esoterismo, veja mais aqui\">sobrenatural<\/a>, divino, sagrado e transcendental, bem como o conjunto de rituais e c\u00f3digos morais que derivam dessas cren\u00e7as<\/em><em>.<\/em><\/p>\n<p>Dentro do que se define como <em>religi\u00e3o<\/em> podem-se encontrar muitas cren\u00e7as e filosofias diferentes. Por\u00e9m, apesar de suas diferen\u00e7as, toda religi\u00e3o possui um sistema de cren\u00e7as no <a href=\"http:\/\/www.astrologosastrologia.com.pt\/blog\/esoterismo\/\" data-internallinksmanager029f6b8e52c=\"11\" title=\"Esoterismo, veja mais aqui\">sobrenatural<\/a>, geralmente envolvendo <a href=\"http:\/\/www.astrologosastrologia.com.pt\/blog\/deuses\/\" data-internallinksmanager029f6b8e52c=\"10\" title=\"Deuses e Deusas, veja mais aqui\">divindades<\/a> ou <a href=\"http:\/\/www.astrologosastrologia.com.pt\/blog\/deuses\/\" data-internallinksmanager029f6b8e52c=\"10\" title=\"Deuses e Deusas, veja mais aqui\">deuses<\/a>.<\/p>\n<p><strong>Saiba mais acerca das diversas religi\u00f5es do mundo:<\/strong><\/p>\n<p>&nbsp;<\/p>\n<p style=\"text-align: center;\">Budismo<\/p>\n<p style=\"text-align: center;\">Confucionismo<\/p>\n<p style=\"text-align: center;\"><a href=\"http:\/\/www.astrologosastrologia.com.pt\/religioes\/religioes=cristianismo=index.htm\" target=\"_blank\">Cristianismo<\/a><\/p>\n<p style=\"text-align: center;\">Druidismo<\/p>\n<p style=\"text-align: center;\">Espiritismo<\/p>\n<p style=\"text-align: center;\">F\u00e9 Bah\u00e1\u2019i<\/p>\n<p style=\"text-align: center;\">Islamismo<\/p>\n<p style=\"text-align: center;\">Jainismo<\/p>\n<p style=\"text-align: center;\">Juda\u00edsmo<\/p>\n<p style=\"text-align: center;\">Messianica<\/p>\n<p style=\"text-align: center;\">Paganismo<\/p>\n<p style=\"text-align: center;\">Protestantismo<\/p>\n<p style=\"text-align: center;\">Religi\u00f5es afro-brasileiras<\/p>\n<p style=\"text-align: center;\">Satanismo<\/p>\n<p style=\"text-align: center;\">Sikhismo<\/p>\n<p style=\"text-align: center;\">Taoismo<\/p>\n<p style=\"text-align: center;\">Tenrikyo<\/p>\n<p style=\"text-align: center;\">Testemunhas de Jeov\u00e1<\/p>\n<p style=\"text-align: center;\">Thelema<\/p>\n<p style=\"text-align: center;\"><a href=\"http:\/\/www.astrologosastrologia.com.pt\/religioes\/religioes=wicca=index.htm\" target=\"_blank\">Wicca<\/a><\/p>\n<p style=\"text-align: center;\">xamanismo<\/p>\n<p style=\"text-align: center;\">Xintoismo<\/p>\n<p style=\"text-align: center;\">Zoroastrismo<\/p>\n ","protected":false},"excerpt":{"rendered":"<p>RELIGI\u00d5ES DO MUNDO \u00a0\u00a0 A Religi\u00e3o (do latim &#8220;religio&#8221; usado na Vulgata, que significa &#8220;prestar culto a uma divindade&#8220;, \u201cligar novamente&#8220;, ou simplesmente &#8220;religar&#8220;) pode ser definida como um conjunto de cren\u00e7as relacionadas com o que o homem considera como sobrenatural, divino, sagrado e transcendental, bem como o conjunto de rituais e c\u00f3digos morais que derivam dessas cren\u00e7as. Dentro do<\/p>\n","protected":false},"author":1,"featured_media":0,"parent":0,"menu_order":0,"comment_status":"closed","ping_status":"closed","template":"","meta":{"footnotes":""},"class_list":["post-143","page","type-page","status-publish","hentry"],"_links":{"self":[{"href":"https:\/\/www.astrologosastrologia.com.pt\/blog\/wp-json\/wp\/v2\/pages\/143","targetHints":{"allow":["GET"]}}],"collection":[{"href":"https:\/\/www.astrologosastrologia.com.pt\/blog\/wp-json\/wp\/v2\/pages"}],"about":[{"href":"https:\/\/www.astrologosastrologia.com.pt\/blog\/wp-json\/wp\/v2\/types\/page"}],"author":[{"embeddable":true,"href":"https:\/\/www.astrologosastrologia.com.pt\/blog\/wp-json\/wp\/v2\/users\/1"}],"replies":[{"embeddable":true,"href":"https:\/\/www.astrologosastrologia.com.pt\/blog\/wp-json\/wp\/v2\/comments?post=143"}],"version-history":[{"count":3,"href":"https:\/\/www.astrologosastrologia.com.pt\/blog\/wp-json\/wp\/v2\/pages\/143\/revisions"}],"predecessor-version":[{"id":746,"href":"https:\/\/www.astrologosastrologia.com.pt\/blog\/wp-json\/wp\/v2\/pages\/143\/revisions\/746"}],"wp:attachment":[{"href":"https:\/\/www.astrologosastrologia.com.pt\/blog\/wp-json\/wp\/v2\/media?parent=143"}],"curies":[{"name":"wp","href":"https:\/\/api.w.org\/{rel}","templated":true}]}}