{"id":1679,"date":"2015-05-16T09:25:25","date_gmt":"2015-05-16T09:25:25","guid":{"rendered":"http:\/\/www.astrologosastrologia.com.pt\/blog\/?page_id=1679"},"modified":"2015-05-16T09:25:25","modified_gmt":"2015-05-16T09:25:25","slug":"significado-dos-sonhos-letra-z","status":"publish","type":"page","link":"https:\/\/www.astrologosastrologia.com.pt\/blog\/sonhos\/significado-dos-sonhos-letra-z\/","title":{"rendered":"Significado dos sonhos &#8211; letra Z"},"content":{"rendered":"<p style=\"text-align: center;\"><a href=\"http:\/\/www.astrologosastrologia.com.pt\/blog\/wp-content\/uploads\/2015\/05\/Sonhos-significados.gif\"><img loading=\"lazy\" decoding=\"async\" class=\"alignnone size-full wp-image-1568\" src=\"http:\/\/www.astrologosastrologia.com.pt\/blog\/wp-content\/uploads\/2015\/05\/Sonhos-significados.gif\" alt=\"Sonhos-significados\" width=\"150\" height=\"43\" \/><\/a>\u00a0<a href=\"http:\/\/www.astrologosastrologia.com.pt\/blog\/wp-content\/uploads\/2015\/05\/sonhos-z1.gif\"><img loading=\"lazy\" decoding=\"async\" class=\"alignnone size-full wp-image-1680\" src=\"http:\/\/www.astrologosastrologia.com.pt\/blog\/wp-content\/uploads\/2015\/05\/sonhos-z1.gif\" alt=\"sonhos z\" width=\"52\" height=\"50\" \/><\/a><\/p>\n<p style=\"text-align: center;\"><span style=\"color: #ff0000;\"><strong>Significado dos <a href=\"http:\/\/www.astrologosastrologia.com.pt\/blog\/sonhos\/\" data-internallinksmanager029f6b8e52c=\"18\" title=\"Sonhos, saiba mais aqui\">sonhos<\/a> &#8211; letra Z<\/strong><\/span><\/p>\n<p>&nbsp;<\/p>\n<p><strong>Significado dos <a href=\"http:\/\/www.astrologosastrologia.com.pt\/blog\/sonhos\/\" data-internallinksmanager029f6b8e52c=\"18\" title=\"Sonhos, saiba mais aqui\">sonhos<\/a> &#8211;<\/strong><strong> <a href=\"http:\/\/www.astrologosastrologia.com.pt\/blog\/sonhos\/\" data-internallinksmanager029f6b8e52c=\"18\" title=\"Sonhos, saiba mais aqui\">Sonhar<\/a> com Zang\u00e3o: <\/strong>O <a href=\"http:\/\/www.astrologosastrologia.com.pt\/blog\/sonhos\/\" data-internallinksmanager029f6b8e52c=\"18\" title=\"Sonhos, saiba mais aqui\">sonho<\/a> no qual interv\u00e9m o macho da abelha geralmente n\u00e3o tem uma interpreta\u00e7\u00e3o positiva. Pessoas interesseiras querem se aproveitar de voc\u00ea.<\/p>\n<p><strong>\u00a0 \u00a0 \u00a0 \u00a0 \u00a0 \u00a0 \u00a0 \u00a0 \u00a0 \u00a0 \u00a0 \u00a0 \u00a0 \u00a0 \u00a0 \u00a0 \u00a0 \u00a0 \u00a0 \u00a0 \u00a0<\/strong><\/p>\n<p style=\"text-align: justify;\"><strong>Significado dos <a href=\"http:\/\/www.astrologosastrologia.com.pt\/blog\/sonhos\/\" data-internallinksmanager029f6b8e52c=\"18\" title=\"Sonhos, saiba mais aqui\">sonhos<\/a> &#8211;<\/strong><strong> <a href=\"http:\/\/www.astrologosastrologia.com.pt\/blog\/sonhos\/\" data-internallinksmanager029f6b8e52c=\"18\" title=\"Sonhos, saiba mais aqui\">Sonhar<\/a> com Zebra: <\/strong>De modo geral, \u00e9 um <a href=\"http:\/\/www.astrologosastrologia.com.pt\/blog\/sonhos\/\" data-internallinksmanager029f6b8e52c=\"18\" title=\"Sonhos, saiba mais aqui\">sonho<\/a> que indica que voc\u00ea dever\u00e1 ter cautela nos assuntos financeiros e de compra e venda de im\u00f3veis; evite assinar contratos nos pr\u00f3ximos dias. Se vir uma zebra em seu <a href=\"http:\/\/www.astrologosastrologia.com.pt\/blog\/sonhos\/\" data-internallinksmanager029f6b8e52c=\"18\" title=\"Sonhos, saiba mais aqui\">sonho<\/a>: viagem para o exterior. Ver uma zebra com filhotes: cuidado com desentendimentos com amigos. Ver uma zebra sendo atacado por animais selvagens: Sua honra corre perigo.Se tocar na zebra: tristeza profunda na fam\u00edlia, desentendimento dentro e fora do <a href=\"https:\/\/www.astrologosastrologia.com.pt\/blog\/feng-shui\/\" data-internallinksmanager029f6b8e52c=\"22\" title=\"Fen Shui, veja mais aqui\">lar<\/a>. Ver a zebra no jardim zoologico: cuide de suas amizades.<\/p>\n<p>&nbsp;<\/p>\n<p style=\"text-align: justify;\"><strong>Significado dos <a href=\"http:\/\/www.astrologosastrologia.com.pt\/blog\/sonhos\/\" data-internallinksmanager029f6b8e52c=\"18\" title=\"Sonhos, saiba mais aqui\">sonhos<\/a> &#8211;<\/strong><strong> <a href=\"http:\/\/www.astrologosastrologia.com.pt\/blog\/sonhos\/\" data-internallinksmanager029f6b8e52c=\"18\" title=\"Sonhos, saiba mais aqui\">Sonhar<\/a> com Zebu: <\/strong>S\u00edmbolo de for\u00e7a, vitalidade e sa\u00fade.Acinzentado: melhoras financeiras. Escuro: problemas no <a href=\"https:\/\/www.magianegra.com.pt\/\" data-internallinksmanager029f6b8e52c=\"2\" title=\"Trabalhos de magia negra, saiba tudo aqui\" target=\"_blank\" rel=\"noopener\">trabalho<\/a>, na fam\u00edlia e com os amigos, cautela com a alimenta\u00e7\u00e3o. Ser atacado por um zebu significa azar. Veja mais em: boi.<\/p>\n<p>&nbsp;<\/p>\n<p><strong>Significado dos <a href=\"http:\/\/www.astrologosastrologia.com.pt\/blog\/sonhos\/\" data-internallinksmanager029f6b8e52c=\"18\" title=\"Sonhos, saiba mais aqui\">sonhos<\/a> &#8211;<\/strong><strong> <a href=\"http:\/\/www.astrologosastrologia.com.pt\/blog\/sonhos\/\" data-internallinksmanager029f6b8e52c=\"18\" title=\"Sonhos, saiba mais aqui\">Sonhar<\/a> com <\/strong><strong>Zero: <\/strong>Indica que voc\u00ea fechar\u00e1 um c\u00edrculo em sua vida, que pode ser tanto no plano comercial como no afetivo. Procure pensar em novos objetivos para sua vida futura.<\/p>\n<p>&nbsp;<\/p>\n<p><strong>Significado dos <a href=\"http:\/\/www.astrologosastrologia.com.pt\/blog\/sonhos\/\" data-internallinksmanager029f6b8e52c=\"18\" title=\"Sonhos, saiba mais aqui\">sonhos<\/a> &#8211;<\/strong><strong> <a href=\"http:\/\/www.astrologosastrologia.com.pt\/blog\/sonhos\/\" data-internallinksmanager029f6b8e52c=\"18\" title=\"Sonhos, saiba mais aqui\">Sonhar<\/a> com <\/strong><strong>Ziguezague: <\/strong>Estar andando em ziguezague: poder\u00e1 perder o ju\u00edzo. Fazer ziguezague com um cavalo: haver\u00e1 modifica\u00e7\u00f5es nos neg\u00f3cios. Fazer ziguezague com um carro: voc\u00ea muda de humor f\u00e1cil. Crian\u00e7as em: bons dias \u00e0 frente.<\/p>\n<p>&nbsp;<\/p>\n<p><strong>Significado dos <a href=\"http:\/\/www.astrologosastrologia.com.pt\/blog\/sonhos\/\" data-internallinksmanager029f6b8e52c=\"18\" title=\"Sonhos, saiba mais aqui\">sonhos<\/a> &#8211;<\/strong><strong> <a href=\"http:\/\/www.astrologosastrologia.com.pt\/blog\/sonhos\/\" data-internallinksmanager029f6b8e52c=\"18\" title=\"Sonhos, saiba mais aqui\">Sonhar<\/a> com <\/strong><strong><a href=\"http:\/\/www.astrologosastrologia.com.pt\/blog\/horoscopos\/astrologia\/\" data-internallinksmanager029f6b8e52c=\"25\" title=\"Astrologia, veja mais aqui\">Zod\u00edaco<\/a>: <\/strong><a href=\"http:\/\/www.astrologosastrologia.com.pt\/blog\/sonhos\/\" data-internallinksmanager029f6b8e52c=\"18\" title=\"Sonhos, saiba mais aqui\">Sonhar<\/a> com os <a href=\"http:\/\/www.astrologosastrologia.com.pt\/blog\/horoscopos\/astrologia\/\" data-internallinksmanager029f6b8e52c=\"25\" title=\"Astrologia, veja mais aqui\">signos<\/a> do <a href=\"http:\/\/www.astrologosastrologia.com.pt\/blog\/horoscopos\/astrologia\/\" data-internallinksmanager029f6b8e52c=\"25\" title=\"Astrologia, veja mais aqui\">Zod\u00edaco<\/a>: voc\u00ea poder\u00e1 acumular uma boa fortuna no futuro. Se <a href=\"http:\/\/www.astrologosastrologia.com.pt\/blog\/sonhos\/\" data-internallinksmanager029f6b8e52c=\"18\" title=\"Sonhos, saiba mais aqui\">sonhar<\/a> com o seu <a href=\"http:\/\/www.astrologosastrologia.com.pt\/blog\/horoscopos\/astrologia\/\" data-internallinksmanager029f6b8e52c=\"25\" title=\"Astrologia, veja mais aqui\">signo<\/a>, dever\u00e1 ganhar na loteria.<\/p>\n<p>&nbsp;<\/p>\n<p><strong>Significado dos <a href=\"http:\/\/www.astrologosastrologia.com.pt\/blog\/sonhos\/\" data-internallinksmanager029f6b8e52c=\"18\" title=\"Sonhos, saiba mais aqui\">sonhos<\/a> &#8211;<\/strong><strong> <a href=\"http:\/\/www.astrologosastrologia.com.pt\/blog\/sonhos\/\" data-internallinksmanager029f6b8e52c=\"18\" title=\"Sonhos, saiba mais aqui\">Sonhar<\/a> com <\/strong><strong>Zona (bo\u00eamia): <\/strong>\u00c9 sempre ind\u00edcio de confus\u00f5es e discuss\u00f5es infundadas de ordem dom\u00e9stica. No plano afetivo algumas brigas passageiras, por\u00e9m sem maiores conseq\u00fc\u00eancias. Seja mais cordato.<\/p>\n<p>&nbsp;<\/p>\n<p><strong>Significado dos <a href=\"http:\/\/www.astrologosastrologia.com.pt\/blog\/sonhos\/\" data-internallinksmanager029f6b8e52c=\"18\" title=\"Sonhos, saiba mais aqui\">sonhos<\/a> &#8211;<\/strong><strong> <a href=\"http:\/\/www.astrologosastrologia.com.pt\/blog\/sonhos\/\" data-internallinksmanager029f6b8e52c=\"18\" title=\"Sonhos, saiba mais aqui\">Sonhar<\/a> com <\/strong><strong>Zombar. <\/strong>Se zombam de voc\u00ea: cuidado para n\u00e3o ser trapaceada(o).<\/p>\n<p style=\"text-align: justify;\">\n<strong>Significado dos <a href=\"http:\/\/www.astrologosastrologia.com.pt\/blog\/sonhos\/\" data-internallinksmanager029f6b8e52c=\"18\" title=\"Sonhos, saiba mais aqui\">sonhos<\/a> &#8211; <a href=\"http:\/\/www.astrologosastrologia.com.pt\/blog\/sonhos\/\" data-internallinksmanager029f6b8e52c=\"18\" title=\"Sonhos, saiba mais aqui\">Sonhar<\/a> com Zool\u00f3gico: <\/strong>Ver um jardim zool\u00f3gico em seu <a href=\"http:\/\/www.astrologosastrologia.com.pt\/blog\/sonhos\/\" data-internallinksmanager029f6b8e52c=\"18\" title=\"Sonhos, saiba mais aqui\">sonho<\/a>: dever\u00e1 escolher cuidadosamente suas amizades. Fazer visita a um zool\u00f3gico: sucesso em relacionamentos amorosos. Visitar o zool\u00f3gico com a fam\u00edlia e crian\u00e7as: boas esperan\u00e7as para o futuro. Ver um z\u00f4o abandonado, sem animais: poder\u00e1 enfrentar problemas s\u00e9rios em fam\u00edlia. Crian\u00e7as passeando num zool\u00f3gico: felicidade com novo filho e parto sem maiores problemas.<\/p>\n<p style=\"text-align: justify;\">\n<p style=\"text-align: justify;\"><strong><img decoding=\"async\" src=\"http:\/\/www.astrologosastrologia.com.pt\/blog\/wp-content\/uploads\/2015\/05\/Portal-ae.jpg\" alt=\"Portal a&amp;e\" \/>\u00ab\u00ab Voltar ao tema: <span style=\"color: #008000;\"><a style=\"color: #008000;\" href=\"http:\/\/www.astrologosastrologia.com.pt\/blog\/sonhos\/\">Sonhos \u2013 Significado dos Sonhos<\/a><\/span> |<\/strong><\/p>\n ","protected":false},"excerpt":{"rendered":"<p>\u00a0 Significado dos sonhos &#8211; letra Z &nbsp; Significado dos sonhos &#8211; Sonhar com Zang\u00e3o: O sonho no qual interv\u00e9m o macho da abelha geralmente n\u00e3o tem uma interpreta\u00e7\u00e3o positiva. Pessoas interesseiras querem se aproveitar de voc\u00ea. \u00a0 \u00a0 \u00a0 \u00a0 \u00a0 \u00a0 \u00a0 \u00a0 \u00a0 \u00a0 \u00a0 \u00a0 \u00a0 \u00a0 \u00a0 \u00a0 \u00a0 \u00a0 \u00a0 \u00a0 \u00a0 Significado dos<\/p>\n","protected":false},"author":1,"featured_media":0,"parent":110,"menu_order":0,"comment_status":"closed","ping_status":"closed","template":"","meta":{"footnotes":""},"class_list":["post-1679","page","type-page","status-publish","hentry"],"_links":{"self":[{"href":"https:\/\/www.astrologosastrologia.com.pt\/blog\/wp-json\/wp\/v2\/pages\/1679","targetHints":{"allow":["GET"]}}],"collection":[{"href":"https:\/\/www.astrologosastrologia.com.pt\/blog\/wp-json\/wp\/v2\/pages"}],"about":[{"href":"https:\/\/www.astrologosastrologia.com.pt\/blog\/wp-json\/wp\/v2\/types\/page"}],"author":[{"embeddable":true,"href":"https:\/\/www.astrologosastrologia.com.pt\/blog\/wp-json\/wp\/v2\/users\/1"}],"replies":[{"embeddable":true,"href":"https:\/\/www.astrologosastrologia.com.pt\/blog\/wp-json\/wp\/v2\/comments?post=1679"}],"version-history":[{"count":1,"href":"https:\/\/www.astrologosastrologia.com.pt\/blog\/wp-json\/wp\/v2\/pages\/1679\/revisions"}],"predecessor-version":[{"id":1681,"href":"https:\/\/www.astrologosastrologia.com.pt\/blog\/wp-json\/wp\/v2\/pages\/1679\/revisions\/1681"}],"up":[{"embeddable":true,"href":"https:\/\/www.astrologosastrologia.com.pt\/blog\/wp-json\/wp\/v2\/pages\/110"}],"wp:attachment":[{"href":"https:\/\/www.astrologosastrologia.com.pt\/blog\/wp-json\/wp\/v2\/media?parent=1679"}],"curies":[{"name":"wp","href":"https:\/\/api.w.org\/{rel}","templated":true}]}}