{"id":4474,"date":"2015-06-07T06:56:16","date_gmt":"2015-06-07T06:56:16","guid":{"rendered":"http:\/\/www.astrologosastrologia.com.pt\/blog\/?page_id=4474"},"modified":"2015-06-07T08:58:18","modified_gmt":"2015-06-07T08:58:18","slug":"simpatias-a-iemanja","status":"publish","type":"page","link":"https:\/\/www.astrologosastrologia.com.pt\/blog\/simpatias\/simpatias-a-iemanja\/","title":{"rendered":"Simpatias a Iemanj\u00e1"},"content":{"rendered":"<p><img decoding=\"async\" class=\"aligncenter\" src=\"http:\/\/www.astrologosastrologia.com.pt\/blog\/wp-content\/uploads\/2015\/05\/simpatias.gif\" alt=\"simpatias\" \/><\/p>\n<p style=\"text-align: center;\"><strong><span style=\"color: #ff0000;\"><a href=\"http:\/\/www.astrologosastrologia.com.pt\/blog\/simpatias\/\" data-internallinksmanager029f6b8e52c=\"13\" title=\"Simpatias, veja mais aqui\">Simpatias<\/a> a Iemanj\u00e1<\/span><\/strong><\/p>\n<p style=\"text-align: justify;\"><span style=\"color: #808000;\"><a href=\"http:\/\/www.astrologosastrologia.com.pt\/blog\/simpatias\/\" data-internallinksmanager029f6b8e52c=\"13\" title=\"Simpatias, veja mais aqui\">Simpatias<\/a> para Iemanj\u00e1, <a href=\"http:\/\/www.astrologosastrologia.com.pt\/blog\/simpatias\/\" data-internallinksmanager029f6b8e52c=\"13\" title=\"Simpatias, veja mais aqui\">simpatias<\/a> com Iemanj\u00e1, rituais para Iemanj\u00e1, <a href=\"http:\/\/www.astrologosastrologia.com.pt\/blog\/simpatias\/\" data-internallinksmanager029f6b8e52c=\"13\" title=\"Simpatias, veja mais aqui\">simpatias<\/a> a Iemanj\u00e1 para o amor, <a href=\"http:\/\/www.astrologosastrologia.com.pt\/blog\/simpatias\/\" data-internallinksmanager029f6b8e52c=\"13\" title=\"Simpatias, veja mais aqui\">simpatias<\/a> a Iemanj\u00e1 para dinheiro e prosperidade, <a href=\"http:\/\/www.astrologosastrologia.com.pt\/blog\/simpatias\/\" data-internallinksmanager029f6b8e52c=\"13\" title=\"Simpatias, veja mais aqui\">simpatias<\/a> a Iemanj\u00e1 para sorte, <a href=\"http:\/\/www.astrologosastrologia.com.pt\/blog\/simpatias\/\" data-internallinksmanager029f6b8e52c=\"13\" title=\"Simpatias, veja mais aqui\">simpatias<\/a> a Iemanj\u00e1 para sa\u00fade e prote\u00e7\u00e3o&#8230;<\/span><\/p>\n<p style=\"text-align: justify;\">O nome Iemanj\u00e1 significa a m\u00e3e dos filhos-peixe. Iemanj\u00e1 \u00e9 a senhora do mar, representa a <a href=\"https:\/\/www.astrologosastrologia.com.pt\/blog\/beleza-bem-estar\/\" data-internallinksmanager029f6b8e52c=\"19\" title=\"Beleza e bem-estar, veja tudo aqui\">beleza<\/a>, a fam\u00edlia, a maternidade e o amor. Iemanj\u00e1 \u00e9 a padroeira dos pescadores. \u00c9 ela quem decide o destino de todos aqueles que entram no mar. Tamb\u00e9m \u00e9 considerada como a \u201cAfrodite brasileira\u201d, a <a href=\"http:\/\/www.astrologosastrologia.com.pt\/blog\/deuses\/\" data-internallinksmanager029f6b8e52c=\"10\" title=\"Deuses e Deusas, veja mais aqui\">deusa<\/a> do amor a quem recorrem os apaixonados em casos de desafetos amorosos.<\/p>\n<p style=\"text-align: justify;\">Seu dia na semana \u00e9 o s\u00e1bado.<\/p>\n<p style=\"text-align: justify;\">Na <a href=\"http:\/\/www.astrologosastrologia.com.pt\/blog\/deuses\/mitos-e-mitologia\/\" data-internallinksmanager029f6b8e52c=\"14\" title=\"Mitologia, veja mais aqui\">mitologia<\/a> romana pode ser considerada correspondente a V\u00e9nus, na grega a Afrodite.<\/p>\n<p style=\"text-align: justify;\">Cores: branco, prata, azul-celeste, verde-\u00e1gua (no candombl\u00e9) e azul \u00a0claro (na Umbanda)e branco na umbanda<\/p>\n<p style=\"text-align: justify;\">S\u00edmbolos: \u00e2ncora, cavalo marinho e peixes<\/p>\n<p style=\"text-align: justify;\">Pontos da natureza: mar<\/p>\n<p style=\"text-align: justify;\">Flores: rosas brancas, palmas brancas, palmas azuis, ang\u00e9licas, orqu\u00eddeas e cris\u00e2ntemos brancos<\/p>\n<p style=\"text-align: justify;\">Ess\u00eancias: jasmim e alfazema<\/p>\n<p style=\"text-align: justify;\">Metal: prata<\/p>\n<p style=\"text-align: justify;\">Planeta: lua<\/p>\n<p style=\"text-align: justify;\">Elemento: \u00e1gua<\/p>\n<p style=\"text-align: justify;\">O Dia de Iemanj\u00e1 \u00e9 comemorado em 2 de Fevereiro. Embora o principal seja o dia 2 de fevereiro, em <a href=\"http:\/\/www.astrologosastrologia.com.pt\/blog\/santos\/\" data-internallinksmanager029f6b8e52c=\"9\" title=\"Santos e Santas, veja mais aqui\">S\u00e3o<\/a> Paulo a comemora\u00e7\u00e3o \u00e9 no dia 8 de dezembro, e no Rio de Janeiro \u00e9 muito celebrada no R\u00e9veillon, no dia de Ano Novo, com v\u00e1rios rituais de Passagem de Ano.<\/p>\n<p style=\"text-align: justify;\">No Tar\u00f4 tem liga\u00e7\u00e3o com o Arcano XVII a Estrela, que indica um momento de esperan\u00e7a.<\/p>\n<p style=\"text-align: justify;\"><span style=\"color: #ff6600;\"><strong><img decoding=\"async\" src=\"http:\/\/www.astrologosastrologia.com.pt\/blog\/wp-content\/uploads\/2015\/05\/Portal-ae.jpg\" alt=\"Portal a&amp;e\" \/><a href=\"http:\/\/www.astrologosastrologia.com.pt\/blog\/simpatias\/\" data-internallinksmanager029f6b8e52c=\"13\" title=\"Simpatias, veja mais aqui\">Simpatias<\/a> para Iemanj\u00e1:<\/strong><\/span><\/p>\n<p style=\"text-align: justify;\"><a href=\"http:\/\/www.astrologosastrologia.com.pt\/blog\/simpatias\/banho-de-iemanja-para-remover-as-perturbacoes-de-sua-vida\/\" target=\"_blank\">Banho de Iemanj\u00e1 para remover as perturba\u00e7\u00f5es de sua vida<\/a><\/p>\n<p style=\"text-align: justify;\"><a href=\"http:\/\/www.astrologosastrologia.com.pt\/blog\/simpatias\/banho-de-iemanja-para-o-amor-banho-magico-de-iemanja\/\" target=\"_blank\">Banho de Iemanj\u00e1 para o amor<\/a><\/p>\n<p style=\"text-align: justify;\"><a href=\"http:\/\/www.astrologosastrologia.com.pt\/blog\/simpatias\/banho-de-yemanja-para-pedir-o-que-deseja-banho-magico-com-iemanja\/\" target=\"_blank\">Banho de Yemanj\u00e1 para pedir o que deseja<\/a><\/p>\n<p style=\"text-align: justify;\"><a href=\"http:\/\/www.astrologosastrologia.com.pt\/blog\/simpatias\/banho-de-purificacao-de-iemanja-simpatias-com-iemanja\/\" target=\"_blank\">Banho de purifica\u00e7\u00e3o de Iemanj\u00e1<\/a><\/p>\n<p style=\"text-align: justify;\"><a href=\"http:\/\/www.astrologosastrologia.com.pt\/blog\/amarracoes\/amarracao-de-iemanja-para-fazer-voltar-a-pessoa-amada\/\" target=\"_blank\">Amarra\u00e7\u00e3o de Iemanj\u00e1 para fazer voltar a pessoa amada<\/a><\/p>\n<p><a href=\"http:\/\/www.astrologosastrologia.com.pt\/blog\/amarracoes\/ritual-de-amarracao-com-iemanja\/\" target=\"_blank\">Ritual de amarra\u00e7\u00e3o com Iemanj\u00e1<\/a><\/p>\n<p><a href=\"http:\/\/www.astrologosastrologia.com.pt\/blog\/simpatias\/simpatias-a-iemanja-simpatia-a-iemanja-para-afastar-a-ma-sorte\/\" target=\"_blank\">Simpatia a Iemanja para afastar a m\u00e1 sorte<\/a><\/p>\n<p><a href=\"http:\/\/www.astrologosastrologia.com.pt\/blog\/simpatias\/ritual-para-iemanja-no-dia-2-de-fevereiro\/\" target=\"_blank\">Ritual para Iemanj\u00e1 no dia 2 de Fevereiro<\/a><\/p>\n<p><a href=\"http:\/\/www.astrologosastrologia.com.pt\/blog\/simpatias\/simpatia-a-iemanja-para-abrir-caminho-para-o-amor-simpatias-com-iemanja\/\" target=\"_blank\">Simpatia a Iemanj\u00e1 para abrir caminho para o amor<\/a><\/p>\n<p><a href=\"http:\/\/www.astrologosastrologia.com.pt\/blog\/simpatias\/simpatia-a-iemanja-para-arrumar-namorado-simpatia-a-iemanja-para-o-amor\/\" target=\"_blank\">Simpatia a Iemanj\u00e1 para arrumar namorado<\/a><\/p>\n<p><a href=\"http:\/\/www.astrologosastrologia.com.pt\/blog\/simpatias\/simpatia-a-iemanja-para-trazer-amor-de-volta-simpatia-a-iemanja-para-o-amor\/\" target=\"_blank\">Simpatia a Iemanj\u00e1 para trazer amor de volta<\/a><\/p>\n<p><a href=\"http:\/\/www.astrologosastrologia.com.pt\/blog\/simpatias\/simpatia-amorosa-a-iemanja-para-voltar-a-cabeca-da-pessoa-amada-para-voce\/\" target=\"_blank\">Simpatia amorosa a Iemanj\u00e1 para voltar a cabe\u00e7a da pessoa amada para voc\u00ea<\/a><\/p>\n<p><a href=\"http:\/\/www.astrologosastrologia.com.pt\/blog\/simpatias\/simpatia-a-iemanja-e-oxum-para-ter-sorte-no-amor\/\" target=\"_blank\">Simpatia a Iemanj\u00e1\u00a0e Oxum para ter sorte no amor<\/a><\/p>\n<p><a href=\"http:\/\/www.astrologosastrologia.com.pt\/blog\/simpatias\/simpatia-para-conseguir-uma-graca-de-iemanja-simpatias-a-iemanja\/\" target=\"_blank\">Simpatia para conseguir uma gra\u00e7a de Iemanj\u00e1<\/a><\/p>\n<p><a href=\"http:\/\/www.astrologosastrologia.com.pt\/blog\/simpatias\/simpatia-a-iemanja-para-ganhar-dinheiro-simpatias-a-iemanja\/\" target=\"_blank\">Simpatia a Iemanj\u00e1 para ganhar dinheiro<\/a><\/p>\n<p><a href=\"http:\/\/www.astrologosastrologia.com.pt\/blog\/simpatias\/simpatias-a-iemanja-simpatia-a-iemanja-para-ter-dinheiro-o-ano-todo\/\" target=\"_blank\">Simpatia a Iemanj\u00e1 para ter dinheiro o ano todo<\/a><\/p>\n<p><a href=\"http:\/\/www.astrologosastrologia.com.pt\/blog\/simpatias\/simpatias-a-iemanja-simpatia-a-iemanja-para-ter-sorte-nos-negocios\/\" target=\"_blank\">Simpatia a Iemanj\u00e1 para ter sorte nos neg\u00f3cios<\/a><\/p>\n<p><a href=\"http:\/\/www.astrologosastrologia.com.pt\/blog\/simpatias\/simpatia-magia-da-fortuna-de-iemanja-simpatias-a-iemanja\/\" target=\"_blank\">Simpatia magia da fortuna de Iemanj\u00e1<\/a><\/p>\n<p><a href=\"http:\/\/www.astrologosastrologia.com.pt\/blog\/simpatias\/simpatia-a-iemanja-para-afastar-a-ma-sorte-simpatias-a-iemanja\/\" target=\"_blank\">Simpatia a Iemanja para afastar a m\u00e1 sorte<\/a><\/p>\n<p><a href=\"http:\/\/www.astrologosastrologia.com.pt\/blog\/simpatias\/simpatia-a-iemanja-para-ter-cabelos-e-unhas-bonitas\/\" target=\"_blank\">Simpatia a Iemanja para ter cabelos e unhas bonitas<\/a><\/p>\n<p><a href=\"http:\/\/www.astrologosastrologia.com.pt\/blog\/simpatias\/simpatia-a-iemanja-para-prevenir-contra-as-fatalidades\/\" target=\"_blank\">Simpatia a Iemanj\u00e1 para prevenir contra as fatalidades<\/a><\/p>\n<p><a href=\"http:\/\/www.astrologosastrologia.com.pt\/blog\/simpatias\/simpatia-a-iemanja-para-pedir-saude-e-protecao\/\" target=\"_blank\">Simpatia a Iemanj\u00e1 para pedir sa\u00fade e prote\u00e7\u00e3o<\/a><\/p>\n<p><a href=\"http:\/\/www.astrologosastrologia.com.pt\/blog\/simpatias\/simpatia-a-iemanja-para-saude\/\" target=\"_blank\">Simpatia a Iemanj\u00e1 para sa\u00fade<\/a><\/p>\n<p><a href=\"http:\/\/www.astrologosastrologia.com.pt\/blog\/simpatias\/simpatia-a-iemanja-para-esquecer-coisas-ruins\/\" target=\"_blank\">Simpatia a Iemanj\u00e1 para esquecer coisas ruins<\/a><\/p>\n<p><a href=\"http:\/\/www.astrologosastrologia.com.pt\/blog\/simpatias\/simpatia-a-iemanja-para-prosperidade-para-a-ceia-de-reveillon\/\" target=\"_blank\">Simpatia a Iemanj\u00e1 para prosperidade para a ceia de reveillon<\/a><\/p>\n<p><a href=\"http:\/\/www.astrologosastrologia.com.pt\/blog\/iemanja\/simpatia-a-iemanja-para-garantir-paz-tranquilidade-e-prosperidade-para-o-novo-ano\/\" target=\"_blank\">Simpatia a Iemanj\u00e1 para garantir paz, tranquilidade e prosperidade para o novo ano<\/a><\/p>\n ","protected":false},"excerpt":{"rendered":"<p>Simpatias a Iemanj\u00e1 Simpatias para Iemanj\u00e1, simpatias com Iemanj\u00e1, rituais para Iemanj\u00e1, simpatias a Iemanj\u00e1 para o amor, simpatias a Iemanj\u00e1 para dinheiro e prosperidade, simpatias a Iemanj\u00e1 para sorte, simpatias a Iemanj\u00e1 para sa\u00fade e prote\u00e7\u00e3o&#8230; O nome Iemanj\u00e1 significa a m\u00e3e dos filhos-peixe. Iemanj\u00e1 \u00e9 a senhora do mar, representa a beleza, a fam\u00edlia, a maternidade e o<\/p>\n","protected":false},"author":1,"featured_media":0,"parent":24,"menu_order":0,"comment_status":"closed","ping_status":"closed","template":"","meta":{"footnotes":""},"class_list":["post-4474","page","type-page","status-publish","hentry"],"_links":{"self":[{"href":"https:\/\/www.astrologosastrologia.com.pt\/blog\/wp-json\/wp\/v2\/pages\/4474","targetHints":{"allow":["GET"]}}],"collection":[{"href":"https:\/\/www.astrologosastrologia.com.pt\/blog\/wp-json\/wp\/v2\/pages"}],"about":[{"href":"https:\/\/www.astrologosastrologia.com.pt\/blog\/wp-json\/wp\/v2\/types\/page"}],"author":[{"embeddable":true,"href":"https:\/\/www.astrologosastrologia.com.pt\/blog\/wp-json\/wp\/v2\/users\/1"}],"replies":[{"embeddable":true,"href":"https:\/\/www.astrologosastrologia.com.pt\/blog\/wp-json\/wp\/v2\/comments?post=4474"}],"version-history":[{"count":26,"href":"https:\/\/www.astrologosastrologia.com.pt\/blog\/wp-json\/wp\/v2\/pages\/4474\/revisions"}],"predecessor-version":[{"id":4573,"href":"https:\/\/www.astrologosastrologia.com.pt\/blog\/wp-json\/wp\/v2\/pages\/4474\/revisions\/4573"}],"up":[{"embeddable":true,"href":"https:\/\/www.astrologosastrologia.com.pt\/blog\/wp-json\/wp\/v2\/pages\/24"}],"wp:attachment":[{"href":"https:\/\/www.astrologosastrologia.com.pt\/blog\/wp-json\/wp\/v2\/media?parent=4474"}],"curies":[{"name":"wp","href":"https:\/\/api.w.org\/{rel}","templated":true}]}}