{"id":756,"date":"2015-05-12T06:43:57","date_gmt":"2015-05-12T06:43:57","guid":{"rendered":"http:\/\/www.astrologosastrologia.com.pt\/blog\/?page_id=756"},"modified":"2015-05-12T06:57:51","modified_gmt":"2015-05-12T06:57:51","slug":"templarios","status":"publish","type":"page","link":"https:\/\/www.astrologosastrologia.com.pt\/blog\/religiao\/templarios\/","title":{"rendered":"Templ\u00e1rios"},"content":{"rendered":"<p align=\"center\"><a href=\"http:\/\/www.astrologosastrologia.com.pt\/blog\/wp-content\/uploads\/2015\/05\/Portal-ae.jpg\"><img loading=\"lazy\" decoding=\"async\" class=\"alignnone size-full wp-image-218\" src=\"http:\/\/www.astrologosastrologia.com.pt\/blog\/wp-content\/uploads\/2015\/05\/Portal-ae.jpg\" alt=\"Portal a&amp;e\" width=\"47\" height=\"86\" \/><\/a><\/p>\n<p align=\"center\"><span style=\"color: #ff0000;\"><b>Templ\u00e1rios. O mist\u00e9rio dos Templ\u00e1rios<\/b><\/span><\/p>\n<p style=\"text-align: justify;\" align=\"center\">A Ordem do Templo de Salom\u00e3o, ou a Ordem dos Templ\u00e1rios, \u00e9 uma ordem de cavalaria quase m\u00edtica, e onde se cr\u00ea que se encontram conservados alguns dos maiores segredos m\u00edsticos da humanidade.<\/p>\n<p style=\"text-align: justify;\" align=\"center\">Desde o <a href=\"http:\/\/www.astrologosastrologia.com.pt\/blog\/santos\/\" data-internallinksmanager029f6b8e52c=\"9\" title=\"Santos e Santas, veja mais aqui\">Santo<\/a> Graal, aos restos mortais de Jesus, aos ossos de Maria Madalena, ao conhecimento da linhagem descendente de Cristo, a segredos sobre a imortalidade, \u00e1 Arca da Alian\u00e7a, j\u00e1 um pouco de tudo se afirmou sobre os tesouros secretos que se encontram na posse da Ordem dos Templ\u00e1rios. Todas as lendas apontam contudo num sentido: os templ\u00e1rios tiveram acesso a algum poderoso segredo <a href=\"http:\/\/www.astrologosastrologia.com.pt\/blog\/esoterismo\/\" data-internallinksmanager029f6b8e52c=\"11\" title=\"Esoterismo, veja mais aqui\">esot\u00e9rico<\/a> que se encontrava encerrado, ou no m\u00edtico Templo de Salom\u00e3o, ou algures nas terras de Jerusal\u00e9m.<\/p>\n<p style=\"text-align: justify;\" align=\"center\">A Ordem dos Templ\u00e1rios foi criada na long\u00ednqua Jerusal\u00e9m em 1118, por 9 cavaleiros. Estes uniram-se sob um voto de <a href=\"http:\/\/www.astrologosastrologia.com.pt\/blog\/santos\/\" data-internallinksmanager029f6b8e52c=\"9\" title=\"Santos e Santas, veja mais aqui\">santidade<\/a> e cavalaria, jurando proteger todos os peregrinos que viajassem para Jerusal\u00e9m, assim como proteger a pr\u00f3pria Terra <a href=\"http:\/\/www.astrologosastrologia.com.pt\/blog\/santos\/\" data-internallinksmanager029f6b8e52c=\"9\" title=\"Santos e Santas, veja mais aqui\">Santa<\/a> onde Jesus viveu e sucedeu todo o milagre da ressurrei\u00e7\u00e3o. Assim a Ordem dos Templ\u00e1rios \u00e9 uma ordem de natureza m\u00edstica: os seus membros <a href=\"http:\/\/www.astrologosastrologia.com.pt\/blog\/santos\/\" data-internallinksmanager029f6b8e52c=\"9\" title=\"Santos e Santas, veja mais aqui\">s\u00e3o<\/a> simultaneamente cavaleiros, ( guerreiros), e monges, ( homens do clero), que vivem tanto sob uma r\u00edgida disciplina militar, ao mesmo tempo que observando com todo o rigor a vida espiritual.<\/p>\n<p style=\"text-align: justify;\" align=\"center\">As cruzadas ocorrem do sec XI ao sec XII, aquando do movimento de expans\u00e3o Geopol\u00edtica, econ\u00f3mica e religiosa dos reinos europeus no sentido do m\u00e9dio oriente, por contraposi\u00e7\u00e3o aos movimentos de invas\u00e3o mu\u00e7ulmana da Europa.<\/p>\n<p style=\"text-align: justify;\" align=\"center\">Quando as cruzadas terminaram, a exist\u00eancia da Ordem dos Templ\u00e1rios j\u00e1 n\u00e3o fazia sentido, pois a sua principal raz\u00e3o de existir, ( proteger os peregrinos que viajavam para Jerusal\u00e9m, e guardar a Terra <a href=\"http:\/\/www.astrologosastrologia.com.pt\/blog\/santos\/\" data-internallinksmanager029f6b8e52c=\"9\" title=\"Santos e Santas, veja mais aqui\">Santa<\/a>), j\u00e1 n\u00e3o fazia sentido. Todos\u00a0 os lugares <a href=\"http:\/\/www.astrologosastrologia.com.pt\/blog\/santos\/\" data-internallinksmanager029f6b8e52c=\"9\" title=\"Santos e Santas, veja mais aqui\">santos<\/a> estavam j\u00e1 perdidos e 1244, e a Terra <a href=\"http:\/\/www.astrologosastrologia.com.pt\/blog\/santos\/\" data-internallinksmanager029f6b8e52c=\"9\" title=\"Santos e Santas, veja mais aqui\">Santa<\/a> depois da queda do Porto de Acre em 1291 jamais voltou a ser reconquistada. As cruzadas j\u00e1 n\u00e3o existiam, e a terra <a href=\"http:\/\/www.astrologosastrologia.com.pt\/blog\/santos\/\" data-internallinksmanager029f6b8e52c=\"9\" title=\"Santos e Santas, veja mais aqui\">santa<\/a> j\u00e1 n\u00e3o necessitava de protec\u00e7\u00e3o. Parecia que neste ponto da hist\u00f3ria, o papado iria simplesmente dissolver a Ordem dos Templ\u00e1rios.<\/p>\n<p style=\"text-align: justify;\" align=\"center\">No entanto, contam as lendas que foi nesses tempos, que um segredo desenterrado do ch\u00e3o de Jerusal\u00e9m foi levado aos olhos do papa. Tal seria a import\u00e2ncia desse segredo religioso, que o papa Inoc\u00eancio n\u00e3o s\u00f3 autorizou a continua\u00e7\u00e3o da exist\u00eancia desta ordem religiosa, como lhe concedeu poderes ilimitados e total autonomia, sendo que assim a Ordem dos Templ\u00e1rios prosperou sem limites nem precedentes.<\/p>\n<p style=\"text-align: justify;\" align=\"center\">A dado momento da hist\u00f3ria Europeia, dizia-se que os Templ\u00e1rios eram a mais rica institui\u00e7\u00e3o do mundo, superando mesmo o Papado. Todos os reinos da Europa contraiam empr\u00e9stimos \u00e1 Ordem dos Templ\u00e1rios. Os Templ\u00e1rios funcionavam como uma grande multinacional financeira, um banco de dimens\u00f5es internacionais, logo uma organiza\u00e7\u00e3o de enorme influencia e poder. Consta que um dos reinos que mais se endividou junto da Ordem dos Templ\u00e1rios, foi a Fran\u00e7a. E rezam certas vers\u00f5es, que foi precisamente por esse motivo, que no Sec XVI, a Fran\u00e7a actuou cruelmente de forma a dizimar todos os membros da ordem, e a apoderar-se dos bens e tesouros da Ordem dos Templ\u00e1rios. O rei de Fran\u00e7a Filipe VI, pressionou o Papa Clemente V de forma a obter uma autoriza\u00e7\u00e3o para atacar impunemente e \u00e1 trai\u00e7\u00e3o a Ordem dos Templ\u00e1rios. O papa Clemente V,( tamb\u00e9m ele um dos devedores de vastas somas de dinheiro \u00e1 Ordem dos Templ\u00e1rios), acabou acedendo. Na madrugada de 13 Outubro 1307, centenas e centenas de monges foram assassinados sem ordem nem aviso. Os que n\u00e3o foram mortos imediatamente, foram encarcerados para logo depois serem queimados na fogueira. O movimento militar do rei Filipe VI foi fulminante e impiedoso.<\/p>\n<p style=\"text-align: justify;\" align=\"center\">No entanto, ao tentar apoderar-se do precioso segredo que a Ordem dos Templ\u00e1rios possu\u00eda no seu tesouro, Filipe VI encontrou uma decep\u00e7\u00e3o: a frota de navios Templ\u00e1rios estacionados em Fran\u00e7a desaparecera misteriosamente para nunca mais ser vista, e com ela\u2026 o segredo e o tesouro dos Templ\u00e1rios.<\/p>\n<p style=\"text-align: justify;\" align=\"center\">Dizem as lendas, que a frota se dirigiu para Portugal, onde sabia contar com forte protec\u00e7\u00e3o.<\/p>\n<p style=\"text-align: justify;\" align=\"center\">Na verdade, a Historia afirma com factos uma realidade: em Portugal, a persegui\u00e7\u00e3o aos templ\u00e1rios acabou por ter um desfecho completamente diferente do que sucedeu no resto da Europa.<\/p>\n<p style=\"text-align: justify;\" align=\"center\">Perante as ordens do Papa no sentido de extinguir os Templ\u00e1rios e executar os seus cavaleiros, o rei D. Dinis instaurou um processo de inqu\u00e9rito de forma a averiguar sobre a culpa ou inoc\u00eancia desses cavaleiros.<\/p>\n<p style=\"text-align: justify;\" align=\"center\">O inqu\u00e9rito concluiu (como seria de esperar), que os cavaleiros da ordem dos templ\u00e1rios estavam inocentes de todas as acusa\u00e7\u00f5es.<\/p>\n<p style=\"text-align: justify;\" align=\"center\">Em virtude disso, nenhuma morte ocorreu.<\/p>\n<p style=\"text-align: justify;\" align=\"center\">Mais que isso, o rei portugu\u00eas resolveu o assunto com aguda habilidade diplom\u00e1tica: Retirou todos os bens materiais \u00e1 Ordem dos Templ\u00e1rios, e transferiu-os para uma nova ordem que criou ao abrigo da coroa Portuguesa.<\/p>\n<p style=\"text-align: justify;\" align=\"center\">Deu a essa nova ordem o nome de\u00a0 <b>Ordem de Cristo<\/b>, cujo o s\u00edmbolo era precisamente a famosa Cruz da Cristo vermelha num fundo branco.<\/p>\n<p style=\"text-align: justify;\" align=\"center\">Os membros da ordem dos templ\u00e1rios tamb\u00e9m transitaram para essa nova ordem, e assim os templ\u00e1rios sobreviveram sob a protec\u00e7\u00e3o do rei, e sob uma nova identidade, intoc\u00e1veis quanto \u00e1s inten\u00e7\u00f5es de Fran\u00e7a e do papa.<\/p>\n<p style=\"text-align: justify;\" align=\"center\">Em 1319, nascia assim a Ordem de Cristo, provavelmente um dos \u00faltimos redutos na Europa onde os templ\u00e1rios continuaram a existir e a viver na persecu\u00e7\u00e3o das suas <a href=\"http:\/\/www.astrologosastrologia.com.pt\/blog\/santos\/\" data-internallinksmanager029f6b8e52c=\"9\" title=\"Santos e Santas, veja mais aqui\">santas<\/a> metas, e conservando os seus m\u00edticos segredos.<\/p>\n<p style=\"text-align: justify;\" align=\"center\">Contam as lendas que os templ\u00e1rios estiveram ocultamente envolvidos nas aventuras mar\u00edtimas portuguesas, e consequentemente nos descobrimentos mar\u00edtimos do sec XV e XVI, havendo sido (na sombra e ocultamente), os grandes impulsionadores desse movimento de expans\u00e3o da f\u00e9 crista. Infante D. Henrique, Pedro Alvares Cabral, Vasco da Gama entre outros, foram todos eles membros da Ordem de Cristo, ou seja: templ\u00e1rios.<\/p>\n<p style=\"text-align: justify;\" align=\"center\">Por virtude da expans\u00e3o mar\u00edtima dos planos templ\u00e1rios, a Ordem dos Templ\u00e1rios acabou chegando ao Brasil. Pedro Alvares Cabral, aos 22 de Abril de 1500, descobre o Brasil e com ele, leva o movimento Templ\u00e1rio para as gloriosas terras do novo continente.<\/p>\n<p style=\"text-align: justify;\" align=\"center\">Assim, rezam as lendas que a Ordem dos Templ\u00e1rios assim se instalou no Brasil ate aos dias de hoje. In\u00fameros s\u00edmbolos de munic\u00edpios no Brasil possuem ainda hoje \u00edcones que <a href=\"http:\/\/www.astrologosastrologia.com.pt\/blog\/santos\/\" data-internallinksmanager029f6b8e52c=\"9\" title=\"Santos e Santas, veja mais aqui\">s\u00e3o<\/a> de inspira\u00e7\u00e3o templ\u00e1ria. Afirma-se tamb\u00e9m que alguns dos s\u00edmbolos presentes em Bras\u00edlia e na sua arquitectura, <a href=\"http:\/\/www.astrologosastrologia.com.pt\/blog\/santos\/\" data-internallinksmanager029f6b8e52c=\"9\" title=\"Santos e Santas, veja mais aqui\">s\u00e3o<\/a> igualmente de inspira\u00e7\u00e3o Templ\u00e1ria. O projecto m\u00edstico e religioso dos templ\u00e1rios, sobreviveu aos tempos e aos ataques, continuando vivo e activo.<\/p>\n<p style=\"text-align: justify;\" align=\"center\">No entanto, perguntas continuam por responder:<\/p>\n<p style=\"text-align: justify;\" align=\"center\">Onde esta o famoso segredo dos templ\u00e1rios, que naquele fat\u00eddico dia de 13 Outubro 1307, zarpou dos portos de Fran\u00e7a a bordo da Frota templ\u00e1ria, para nunca mais ser visto? Brasil? Portugal ?<\/p>\n<p style=\"text-align: justify;\" align=\"center\">\n<p><strong><a href=\"http:\/\/www.astrologosastrologia.com.pt\/blog\/wp-content\/uploads\/2015\/05\/image002.jpg\"><img loading=\"lazy\" decoding=\"async\" class=\"alignnone size-full wp-image-521\" src=\"http:\/\/www.astrologosastrologia.com.pt\/blog\/wp-content\/uploads\/2015\/05\/image002.jpg\" alt=\"image002\" width=\"122\" height=\"110\" \/><\/a>Veja\u00a0tamb\u00e9m:<\/strong><\/p>\n<p><a href=\"http:\/\/www.astrologosastrologia.com.pt\/gnosticismo+gnosticos.htm\">Gnosticismo<\/a><\/p>\n<p><a href=\"http:\/\/www.astrologosastrologia.com.pt\/cabalah&amp;kabalah.htm\">Cabalah<\/a><\/p>\n<p><a href=\"http:\/\/www.astrologosastrologia.com.pt\/anjos+angeologia.htm\">Anjos<\/a><\/p>\n<p><a href=\"http:\/\/www.astrologosastrologia.com.pt\/magia&amp;Enochiana.htm\">Magia Enochiana<\/a><\/p>\n<p><a href=\"http:\/\/www.astrologosastrologia.com.pt\/maria+madalena.htm\">Maria Madalena<\/a><\/p>\n<p><a href=\"http:\/\/www.astrologosastrologia.com.pt\/biblia+biblia.htm\">B\u00edblia<\/a><\/p>\n<p><a href=\"http:\/\/www.astrologosastrologia.com.pt\/Magia_imortalidade&amp;pedra_filosofal&amp;Opus_Magna.htm\">Magia e Imortalidade<\/a><\/p>\n<p><a href=\"http:\/\/www.astrologosastrologia.com.pt\/magia_salomao_rei_salomao&amp;testamento_salomao&amp;anel_salomao.htm\">Salom\u00e3o<\/a><\/p>\n ","protected":false},"excerpt":{"rendered":"<p>Templ\u00e1rios. O mist\u00e9rio dos Templ\u00e1rios A Ordem do Templo de Salom\u00e3o, ou a Ordem dos Templ\u00e1rios, \u00e9 uma ordem de cavalaria quase m\u00edtica, e onde se cr\u00ea que se encontram conservados alguns dos maiores segredos m\u00edsticos da humanidade. Desde o Santo Graal, aos restos mortais de Jesus, aos ossos de Maria Madalena, ao conhecimento da linhagem descendente de Cristo, a<\/p>\n","protected":false},"author":1,"featured_media":0,"parent":143,"menu_order":0,"comment_status":"closed","ping_status":"closed","template":"","meta":{"footnotes":""},"class_list":["post-756","page","type-page","status-publish","hentry"],"_links":{"self":[{"href":"https:\/\/www.astrologosastrologia.com.pt\/blog\/wp-json\/wp\/v2\/pages\/756","targetHints":{"allow":["GET"]}}],"collection":[{"href":"https:\/\/www.astrologosastrologia.com.pt\/blog\/wp-json\/wp\/v2\/pages"}],"about":[{"href":"https:\/\/www.astrologosastrologia.com.pt\/blog\/wp-json\/wp\/v2\/types\/page"}],"author":[{"embeddable":true,"href":"https:\/\/www.astrologosastrologia.com.pt\/blog\/wp-json\/wp\/v2\/users\/1"}],"replies":[{"embeddable":true,"href":"https:\/\/www.astrologosastrologia.com.pt\/blog\/wp-json\/wp\/v2\/comments?post=756"}],"version-history":[{"count":3,"href":"https:\/\/www.astrologosastrologia.com.pt\/blog\/wp-json\/wp\/v2\/pages\/756\/revisions"}],"predecessor-version":[{"id":759,"href":"https:\/\/www.astrologosastrologia.com.pt\/blog\/wp-json\/wp\/v2\/pages\/756\/revisions\/759"}],"up":[{"embeddable":true,"href":"https:\/\/www.astrologosastrologia.com.pt\/blog\/wp-json\/wp\/v2\/pages\/143"}],"wp:attachment":[{"href":"https:\/\/www.astrologosastrologia.com.pt\/blog\/wp-json\/wp\/v2\/media?parent=756"}],"curies":[{"name":"wp","href":"https:\/\/api.w.org\/{rel}","templated":true}]}}